s divided by 36.
34
Calculate the remainder when 7482364 is divided by 1175.
1139
What is the remainder when 5807351 is divided by 5552?
5511
What is the remainder when 3488718 is divided by 1216?
14
What is the remainder when 55460860 is divided by 64?
60
What is the remainder when 147397 is divided by 11782?
6013
What is the remainder when 149458 is divided by 37334?
122
What is the remainder when 16299120 is divided by 5723?
16
What is the remainder when 790347977 is divided by 7049?
7048
Calculate the remainder when 183649 is divided by 212.
57
Calculate the remainder when 323384 is divided by 291.
83
Calculate the remainder when 358963 is divided by 178873.
1217
Calculate the remainder when 160731912 is divided by 14611991.
11
Calculate the remainder when 133074584 is divided by 4315.
4299
Calculate the remainder when 12092 is divided by 8456.
3636
Calculate the remainder when 1856369 is divided by 232.
137
Calculate the remainder when 5527733 is divided by 28.
1
What is the remainder when 38431948 is divided by 2678?
2648
Calculate the remainder when 1496195550 is divided by 107.
105
Calculate the remainder when 47241345 is divided by 2838.
2835
What is the remainder when 193896 is divided by 17625?
21
What is the remainder when 91220173 is divided by 405?
403
What is the remainder when 469846270 is divided by 122?
114
What is the remainder when 5043042 is divided by 7?
4
What is the remainder when 1298816 is divided by 2952?
2888
What is the remainder when 11959788 is divided by 28?
8
What is the remainder when 158347 is divided by 39405?
727
What is the remainder when 2661882 is divided by 36464?
10
Calculate the remainder when 2200769 is divided by 733556.
101
Calculate the remainder when 61600 is divided by 2212.
1876
What is the remainder when 909066 is divided by 41319?
48
What is the remainder when 10142 is divided by 156?
2
What is the remainder when 4367492 is divided by 1476?
8
Calculate the remainder when 4091943 is divided by 1067.
1065
Calculate the remainder when 10890 is divided by 473.
11
Calculate the remainder when 1756169 is divided by 1637.
1305
What is the remainder when 82046909 is divided by 66?
65
Calculate the remainder when 1242229 is divided by 77637.
37
What is the remainder when 63863150 is divided by 1324?
10
Calculate the remainder when 8859037 is divided by 885898.
57
Calculate the remainder when 699010 is divided by 453.
31
What is the remainder when 11119267 is divided by 347?
346
What is the remainder when 35263812 is divided by 1980?
12
What is the remainder when 222854 is divided by 110868?
1118
What is the remainder when 317788 is divided by 919?
733
Calculate the remainder when 6295051 is divided by 80.
11
Calculate the remainder when 1177500 is divided by 588745.
10
What is the remainder when 30694274 is divided by 76928?
2
Calculate the remainder when 3810137 is divided by 478.
477
Calculate the remainder when 34838 is divided by 216.
62
What is the remainder when 84014214 is divided by 62?
60
What is the remainder when 2775677 is divided by 320?
317
Calculate the remainder when 14647985 is divided by 27.
26
Calculate the remainder when 128781 is divided by 654.
597
Calculate the remainder when 373635267 is divided by 485.
482
Calculate the remainder when 170908 is divided by 1409.
419
What is the remainder when 6338206 is divided by 11524?
6
What is the remainder when 23529355 is divided by 7843118?
1
Calculate the remainder when 38613915 is divided by 42.
39
Calculate the remainder when 1502192 is divided by 700.
692
What is the remainder when 132687 is divided by 2475?
1512
What is the remainder when 3547793 is divided by 486?
479
Calculate the remainder when 193349 is divided by 24.
5
Calculate the remainder when 143799 is divided by 168.
159
Calculate the remainder when 400638 is divided by 4838.
3922
Calculate the remainder when 1346832 is divided by 206.
4
What is the remainder when 59477538 is divided by 1195?
1193
What is the remainder when 23771 is divided by 894?
527
Calculate the remainder when 100135 is divided by 7484.
2843
What is the remainder when 1508503 is divided by 1056?
535
Calculate the remainder when 3300004 is divided by 2657.
10
Calculate the remainder when 151609 is divided by 16809.
328
What is the remainder when 76495745 is divided by 32?
1
Calculate the remainder when 68480 is divided by 387.
368
What is the remainder when 3032387 is divided by 1010747?
146
What is the remainder when 69850281 is divided by 28?
25
What is the remainder when 131676 is divided by 4717?
4317
Calculate the remainder when 51415572 is divided by 62.
26
Calculate the remainder when 160431729 is divided by 539.
535
What is the remainder when 8470741 is divided by 8470608?
133
Calculate the remainder when 118196 is divided by 123.
116
Calculate the remainder when 10396991 is divided by 3245.
11
What is the remainder when 248050380 is divided by 3875787?
12
Calculate the remainder when 1207222 is divided by 947.
744
Calculate the remainder when 8423020 is divided by 81.
73
What is the remainder when 21092396 is divided by 216?
212
What is the remainder when 63161536 is divided by 1222?
22
Calculate the remainder when 24324 is divided by 23784.
540
What is the remainder when 19641 is divided by 132?
105
What is the remainder when 75512 is divided by 15095?
37
What is the remainder when 1308296 is divided by 271?
179
Calculate the remainder when 1422047 is divided by 711023.
1
Calculate the remainder when 58279 is divided by 28755.
769
Calculate the remainder when 36236019 is divided by 10.
9
Calculate the remainder when 1098404 is divided by 2228.
0
What is the remainder when 209604 is divided by 11031?
15
What is the remainder when 2690816 is divided by 5?
1
What is the remainder when 16396039 is divided by 572?
231
What is the remainder when 16339294 is divided by 605159?
1
What is the remainder when 26886966 is divided by 173464?
46
Calculate the remainder when 1681800 is divided by 73118.
86
What is the remainder when 61006944 is divided by 129252?
0
Calculate the remainder when 765103 is divided by 459.
409
Calculate the remainder when 14520800 is divided by 854164.
12
What is the remainder when 567301 is divided by 61?
1
What is the remainder when 20043 is divided by 9960?
123
Calculate the remainder when 404393 is divided by 1170.
743
What is the remainder when 174224 is divided by 29037?
2
What is the remainder when 374000 is divided by 1323?
914
What is the remainder when 2945111 is divided by 1205?
91
Calculate the remainder when 841280 is divided by 1738.
88
What is the remainder when 44131744 is divided by 2744?
2736
Calculate the remainder when 101879485 is divided by 127.
85
What is the remainder when 8058823 is divided by 1563?
1558
What is the remainder when 483083 is divided by 9896?
8075
Calculate the remainder when 180196 is divided by 13848.
172
What is the remainder when 7334203 is divided by 2444733?
4
Calculate the remainder when 3488897 is divided by 3488643.
254
What is the remainder when 121234 is divided by 4465?
679
What is the remainder when 35493 is divided by 35364?
129
What is the remainder when 2399914 is divided by 524?
518
Calculate the remainder when 1805681 is divided by 12040.
11721
Calculate the remainder when 1541663 is divided by 6913.
64
Calculate the remainder when 1621838 is divided by 830.
18
Calculate the remainder when 370892 is divided by 4636.
12
What is the remainder when 1188871 is divided by 8033?
8020
What is the remainder when 5985817 is divided by 69?
67
Calculate the remainder when 5281870 is divided by 352124.
10
What is the remainder when 112699484 is divided by 528?
524
What is the remainder when 838796 is divided by 2190?
26
What is the remainder when 30886610 is divided by 3860825?
10
What is the remainder when 141135 is divided by 1283?
5
Calculate the remainder when 11778189 is divided by 344.
317
What is the remainder when 579717 is divided by 96607?
75
Calculate the remainder when 134759 is divided by 134715.
44
What is the remainder when 747368 is divided by 996?
368
Calculate the remainder when 14858 is divided by 677.
641
What is the remainder when 76686 is divided by 37705?
1276
Calculate the remainder when 270008 is divide